o base 7
2
7 (base 12) to base 4
13
What is -36 (base 14) in base 2?
-110000
-5 (base 9) to base 12
-5
What is 0 (base 5) in base 10?
0
What is -82 (base 12) in base 4?
-1202
What is 1 (base 14) in base 13?
1
What is 6 (base 8) in base 3?
20
Convert 240 (base 9) to base 5.
1243
Convert a (base 12) to base 7.
13
What is 33 (base 7) in base 12?
20
Convert -12200 (base 3) to base 6.
-413
101020 (base 3) to base 2
100010100
Convert 44 (base 10) to base 8.
54
What is -7 (base 12) in base 6?
-11
What is 3 (base 15) in base 6?
3
Convert -33 (base 6) to base 7.
-30
What is 5 (base 7) in base 3?
12
What is -4c (base 13) in base 2?
-1000000
What is -6 (base 10) in base 4?
-12
Convert -2 (base 13) to base 6.
-2
What is -4 (base 13) in base 14?
-4
33 (base 11) to base 6
100
What is -2 (base 6) in base 8?
-2
What is -117 (base 8) in base 15?
-54
-1111100 (base 2) to base 13
-97
Convert -11 (base 6) to base 12.
-7
What is -53 (base 12) in base 9?
-70
17 (base 15) to base 4
112
Convert 7 (base 13) to base 5.
12
Convert -64 (base 10) to base 11.
-59
What is 1 (base 4) in base 9?
1
What is -10 (base 7) in base 12?
-7
Convert 63 (base 9) to base 10.
57
Convert -1 (base 12) to base 2.
-1
-9 (base 15) to base 3
-100
Convert 13 (base 8) to base 15.
b
What is 144 (base 5) in base 13?
3a
-1 (base 7) to base 9
-1
Convert -5d (base 16) to base 11.
-85
Convert -212 (base 3) to base 16.
-17
-10220 (base 3) to base 15
-70
What is -1 (base 10) in base 2?
-1
Convert -9 (base 10) to base 4.
-21
What is 1 (base 15) in base 5?
1
-83 (base 9) to base 4
-1023
-1021 (base 5) to base 16
-88
What is 331 (base 5) in base 9?
111
What is 0 (base 4) in base 2?
0
72 (base 8) to base 7
112
Convert -154 (base 7) to base 11.
-80
What is 2 (base 16) in base 12?
2
What is 19 (base 14) in base 6?
35
Convert -87 (base 10) to base 11.
-7a
233 (base 10) to base 14
129
0 (base 7) to base 15
0
17 (base 11) to base 16
12
-20 (base 15) to base 5
-110
What is -1 (base 13) in base 11?
-1
What is -133 (base 4) in base 11?
-29
Convert 3a (base 14) to base 6.
124
What is -da (base 15) in base 14?
-109
What is 101 (base 3) in base 9?
11
What is 200 (base 6) in base 2?
1001000
18 (base 12) to base 2
10100
-110 (base 2) to base 15
-6
Convert 10110 (base 2) to base 12.
1a
406 (base 8) to base 15
127
What is 6 (base 10) in base 12?
6
0 (base 16) to base 5
0
What is -20212 (base 3) in base 16?
-b9
What is 22 (base 11) in base 13?
1b
2d (base 14) to base 12
35
Convert -41 (base 9) to base 5.
-122
What is -110 (base 6) in base 11?
-39
ed (base 15) to base 10
223
What is 1 (base 12) in base 3?
1
1213 (base 6) to base 5
2142
2 (base 8) to base 13
2
Convert 4 (base 13) to base 11.
4
Convert 1 (base 7) to base 8.
1
Convert 122 (base 4) to base 6.
42
What is 75 (base 12) in base 13?
6b
What is b (base 14) in base 9?
12
12 (base 13) to base 10
15
Convert -1 (base 14) to base 4.
-1
Convert -154 (base 12) to base 6.
-544
Convert 100 (base 2) to base 14.
4
What is -10 (base 9) in base 4?
-21
What is 2 (base 11) in base 15?
2
Convert -1 (base 2) to base 16.
-1
What is 0 (base 6) in base 16?
0
-2 (base 8) to base 16
-2
-62 (base 9) to base 6
-132
Convert 71 (base 8) to base 15.
3c
-1a (base 12) to base 2
-10110
What is -12 (base 15) in base 16?
-11
What is 5 (base 8) in base 7?
5
Convert -32 (base 4) to base 15.
-e
What is 5c (base 13) in base 7?
140
What is -22 (base 4) in base 5?
-20
What is 3 (base 11) in base 5?
3
Convert 1 (base 14) to base 2.
1
Convert -6 (base 11) to base 3.
-20
What is -2 (base 5) in base 12?
-2
10111000 (base 2) to base 11
158
4 (base 9) to base 8
4
3 (base 16) to base 12
3
Convert 0 (base 8) to base 5.
0
Convert -30 (base 7) to base 14.
-17
Convert 1 (base 4) to base 6.
1
-10 (base 3) to base 14
-3
Convert -45 (base 10) to base 9.
-50
What is -22 (base 6) in base 7?
-20
-12 (base 6) to base 10
-8
-11011110 (base 2) to base 13
-141
What is -19 (base 10) in base 12?
-17
What is 215 (base 9) in base 10?
176
Convert -8 (base 9) to base 14.
-8
-4 (base 9) to base 6
-4
Convert 1 (base 11) to base 4.
1
What is -1 (base 12) in base 2?
-1
5 (base 11) to base 15
5
Convert 10 (base 4) to base 8.
4
Convert -2 (base 16) to base 12.
-2
-3 (base 6) to base 12
-3
Convert 2 (base 3) to base 11.
2
What is 40 (base 12) in base 13?
39
Convert 23 (base 9) to base 14.
17
What is 5 (base 15) in base 11?
5
What is 13 (base 14) in base 7?
23
What is -49 (base 12) in base 3?
-2010
Convert 0 (base 4) to base 3.
0
-38 (base 10) to base 13
-2c
What is -3 (base 12) in base 6?
-3
Convert -28 (base 15) to base 3.
-1102
What is -13 (base 4) in base 14?
-7
Convert -10 (base 9) to base 14.
-9
-4 (base 10) to base 11
-4
Convert -2 (base 15) to base 7.
-2
What is -1101 (base 3) in base 13?
-2b
Convert -10 (base 2) to base 8.
-2
Convert 0 (base 14) to base 13.
0
What is -101111 (base 2) in base 9?
-52
0 (base 9) to base 6
0
Convert -4 (base 7) to base 4.
-10
-17 (base 16) to base 4
-113
9 (base 10) to base 16
9
What is -35 (base 9) in base 5?
-112
What is 7a (base 11) in base 4?
1113
What is -1 (base 9) in base 4?
-1
Convert 0 (base 4) to base 14.
0
Convert 11 (base 6) to base 12.
7
What is 1101001 (base 2) in base 5?
410
Convert -4 (base 8) to base 9.
-4
Convert -3 (base 12) to base 5.
-3
Convert 17 (base 14) to base 4.
111
1 (base 5) to base 12
1
Convert 20211 (base 3) to base 10.
184
5 (base 6) to base 5
10
Convert -1 (base 14) to base 5.
-1
What is a2 (base 12) in base 2?
1111010
Convert -12 (base 9) to base 4.
-23
2 (base 12) to base 11
2
410 (base 6) to base 13
b7
-11 (base 7) to base 6
-12
b (base 14) to base 15
b
Convert 6 (base 14) to base 3.
20
What is -6 (base 14) in base 15?
-6
Convert -4 (base 8) to base 7.
-4
Convert 230 (base 7) to base 6.
315
What is 4 (base 11) in base 8?
4
-11001110 (base 2) to base 8
-316
12 (base 7) to base 15
9
What is 64 (base 11) in base 6?
154
What is -121 (base 4) in base 6?
-41
What is 2 (base 15) in base 6?
2
Convert -72 (base 13) to base 10.
-93
Convert -33 (base 6) to base 2.
-10101
Convert -10 (base 3) to base 16.
-3
Convert -34 (base 13) to base 12.
-37
44 (base 5) to base 14
1a
120 (base 5) to base 11
32
1 (base 11) to base 7
1
What is -2233 (base 5) in base 11?
-26a
10 (base 2) to base 5
2
What is 31 (base 12) in base 3?
1101
Convert 14 (base 9) to base 11.
12
What is 1 (base 3) in base 9?
1
-6 (base 8) to base 11
-6
What is -c (base 16) in base 6?
-20
-2012 (base 3) to base 15
-3e
What is -4 (base 10) in base 14?
-4
What is -49 (base 16) in base 4?
-1021
What is -12 (base 3) in base 12?
-5
What is 4 (base 8) in base 11?
4
2 (base 12) to base 13
2
2 (base 5) to base 6
2
-62 (base 12) to base 10
-74
43 (base 8) to base 7
50
-240 (base 5) to base 4
-1012
Convert 90 (base 15) to base 13.
a5
What is -a2 (base 13) in base 3?
-11220
Convert -1 (base 8) to base 10.
-1
What is 0 (base 9) in base 12?
0
What is 51 (base 15) in base 5?
301
What is -11 (base 2) in base 4?
-3
What is -c9 (base 14) in base 10?
-177
What is -24 (base 9) in base 7?
-31
What is 66 (base 7) in base 10?
48
-4 (base 8) to base 2
-100
What is -3 (base 6) in base 3?
-10
27 (base 13) to base 12
29
-7 (base 12) to base 7
-10
-1 (base 11) to base 4
-1
-10 (base 3) to base 9
-3
-5 (base 6) to base 4
-11
Convert -11 (base 5) to base 7.
-6
4 (base 16) to base 7
4
-b (base 15) to base 13
-b
What is 0 (base 11) in base 10?
0
1 (base 15) to base 4
1
Convert 37 (base 10) to base 14.
29
-1 (base 11) to base 15
-1
112 (base 4) to base 8
26
What is 504 (base 6) in base 2?
10111000
Convert 135 (base 9) to base 15.
78
Convert -1 (base 13) to base 14.
-1
Convert -12 (base 6) to base 14.
-8
-7b (base 12) to base 6
-235
Convert -5 (base 10) to base 13.
-5
11 (base 8) to base 3
100
What is -7 (base 14) in base 13?
-7
What is -1b (base 16) in base 10?
-27
63 (base 11) to base 10
69
Convert 1 (base 9) to base 15.
1
Convert -4 (base 9) to base 6.
-4
What is -10121 (base 3) in base 15?
-67
What is -9 (base 14) in base 5?
-14
Convert -1200 (base 4) to base 6.
-240
What is -2 (base 7) in base 3?
-2
1411 (base 5) to base 16
e7
Convert -3 (base 10) to base 13.
-3
Convert 5 (base 16) to base 6.
5
Convert a (base 16) to base 2.
1010
Convert 4 (base 10) to base 13.
4
What is -5 (base 10) in base 15?
-5
1011 (base 2) to base 5
21
Convert -240 (bas